{"id":17,"date":"2020-11-25T15:10:33","date_gmt":"2020-11-25T15:10:33","guid":{"rendered":"https:\/\/candlenco.fr\/?page_id=17"},"modified":"2024-01-17T12:02:37","modified_gmt":"2024-01-17T11:02:37","slug":"a-propos","status":"publish","type":"page","link":"https:\/\/candlenco.fr\/index.php\/a-propos\/","title":{"rendered":"\u00c0 propos de nous"},"content":{"rendered":"<p><div class=\"fusion-fullwidth fullwidth-box fusion-builder-row-1 fusion-flex-container nonhundred-percent-fullwidth non-hundred-percent-height-scrolling\" style=\"--awb-border-radius-top-left:0px;--awb-border-radius-top-right:0px;--awb-border-radius-bottom-right:0px;--awb-border-radius-bottom-left:0px;--awb-margin-bottom:110px;--awb-flex-wrap:wrap;\" ><div class=\"fusion-builder-row fusion-row fusion-flex-align-items-center fusion-flex-content-wrap\" style=\"max-width:calc( 1370px + 100px );margin-left: calc(-100px \/ 2 );margin-right: calc(-100px \/ 2 );\"><div class=\"fusion-layout-column fusion_builder_column fusion-builder-column-0 fusion_builder_column_1_2 1_2 fusion-flex-column\" style=\"--awb-padding-left-medium:40px;--awb-padding-right-small:0px;--awb-padding-left-small:0px;--awb-bg-size:cover;--awb-width-large:50%;--awb-margin-top-large:0px;--awb-spacing-right-large:50px;--awb-margin-bottom-large:0px;--awb-spacing-left-large:50px;--awb-width-medium:50%;--awb-order-medium:0;--awb-spacing-right-medium:50px;--awb-spacing-left-medium:50px;--awb-width-small:100%;--awb-order-small:0;--awb-spacing-right-small:50px;--awb-margin-bottom-small:50px;--awb-spacing-left-small:50px;\"><div class=\"fusion-column-wrapper fusion-column-has-shadow fusion-flex-justify-content-flex-start fusion-content-layout-column\"><div class=\"fusion-image-element \" style=\"--awb-caption-title-font-family:var(--h2_typography-font-family);--awb-caption-title-font-weight:var(--h2_typography-font-weight);--awb-caption-title-font-style:var(--h2_typography-font-style);--awb-caption-title-size:var(--h2_typography-font-size);--awb-caption-title-transform:var(--h2_typography-text-transform);--awb-caption-title-line-height:var(--h2_typography-line-height);--awb-caption-title-letter-spacing:var(--h2_typography-letter-spacing);\"><span class=\" fusion-imageframe imageframe-none imageframe-1 hover-type-none\" style=\"border-radius:6px;\"><img decoding=\"async\" width=\"1440\" height=\"1536\" title=\"image_123650291\" src=\"https:\/\/i0.wp.com\/candlenco.fr\/wp-content\/uploads\/2024\/01\/image_123650291.jpg?fit=1440%2C1536&ssl=1\" data-orig-src=\"https:\/\/candlenco.fr\/wp-content\/uploads\/2024\/01\/image_123650291.jpg\" alt class=\"lazyload img-responsive wp-image-2795\" srcset=\"data:image\/svg+xml,%3Csvg%20xmlns%3D%27http%3A%2F%2Fwww.w3.org%2F2000%2Fsvg%27%20width%3D%271440%27%20height%3D%271536%27%20viewBox%3D%270%200%201440%201536%27%3E%3Crect%20width%3D%271440%27%20height%3D%271536%27%20fill-opacity%3D%220%22%2F%3E%3C%2Fsvg%3E\" data-srcset=\"https:\/\/i0.wp.com\/candlenco.fr\/wp-content\/uploads\/2024\/01\/image_123650291.jpg?resize=200%2C213&amp;ssl=1 200w, https:\/\/i0.wp.com\/candlenco.fr\/wp-content\/uploads\/2024\/01\/image_123650291.jpg?resize=281%2C300&amp;ssl=1 281w, https:\/\/i0.wp.com\/candlenco.fr\/wp-content\/uploads\/2024\/01\/image_123650291.jpg?resize=400%2C427&amp;ssl=1 400w, https:\/\/i0.wp.com\/candlenco.fr\/wp-content\/uploads\/2024\/01\/image_123650291.jpg?resize=500%2C533&amp;ssl=1 500w, https:\/\/i0.wp.com\/candlenco.fr\/wp-content\/uploads\/2024\/01\/image_123650291.jpg?resize=600%2C640&amp;ssl=1 600w, https:\/\/i0.wp.com\/candlenco.fr\/wp-content\/uploads\/2024\/01\/image_123650291.jpg?resize=700%2C747&amp;ssl=1 700w, https:\/\/i0.wp.com\/candlenco.fr\/wp-content\/uploads\/2024\/01\/image_123650291.jpg?resize=768%2C819&amp;ssl=1 768w, https:\/\/i0.wp.com\/candlenco.fr\/wp-content\/uploads\/2024\/01\/image_123650291.jpg?resize=800%2C853&amp;ssl=1 800w, https:\/\/i0.wp.com\/candlenco.fr\/wp-content\/uploads\/2024\/01\/image_123650291.jpg?resize=960%2C1024&amp;ssl=1 960w, https:\/\/i0.wp.com\/candlenco.fr\/wp-content\/uploads\/2024\/01\/image_123650291.jpg?resize=1200%2C1280&amp;ssl=1 1200w, https:\/\/i0.wp.com\/candlenco.fr\/wp-content\/uploads\/2024\/01\/image_123650291.jpg?resize=1320%2C1408&amp;ssl=1 1320w, https:\/\/i0.wp.com\/candlenco.fr\/wp-content\/uploads\/2024\/01\/image_123650291.jpg?w=1440&amp;ssl=1 1440w\" data-sizes=\"auto\" data-orig-sizes=\"(max-width: 680px) 100vw, 800px\" \/><\/span><\/div><\/div><\/div><div class=\"fusion-layout-column fusion_builder_column fusion-builder-column-1 fusion-flex-column\" style=\"--awb-padding-right:40px;--awb-padding-left:40px;--awb-padding-right-medium:0px;--awb-padding-left-medium:0px;--awb-bg-size:cover;--awb-width-large:47%;--awb-margin-top-large:0px;--awb-spacing-right-large:50px;--awb-margin-bottom-large:0px;--awb-spacing-left-large:50px;--awb-width-medium:47%;--awb-order-medium:0;--awb-spacing-right-medium:50px;--awb-spacing-left-medium:50px;--awb-width-small:100%;--awb-order-small:1;--awb-spacing-right-small:50px;--awb-spacing-left-small:50px;\"><div class=\"fusion-column-wrapper fusion-column-has-shadow fusion-flex-justify-content-flex-start fusion-content-layout-column\"><div class=\"fusion-text fusion-text-1\" style=\"--awb-content-alignment:center;\"><p>Passionn\u00e9e par l&rsquo;art de la cr\u00e9ation et de la parfumerie, notre entreprise bas\u00e9e \u00e0 Al\u00e8s, dans le Gard, est sp\u00e9cialis\u00e9e dans la fabrication artisanale de bougies gourmandes parfum\u00e9es \u00e0 base de cire de soja.<\/p>\n<p>Chacune de nos bougies est soigneusement con\u00e7ue pour offrir une exp\u00e9rience olfactive unique et envo\u00fbtante.<\/p>\n<p>Forts de notre engagement envers la qualit\u00e9 et l&rsquo;authenticit\u00e9, nous s\u00e9lectionnons avec soin les meilleurs ingr\u00e9dients pour nos bougies, en privil\u00e9giant la cire de soja pour ses propri\u00e9t\u00e9s naturelles et durables.<\/p>\n<p>Chaque bougie est coul\u00e9e \u00e0 la main, ce qui conf\u00e8re \u00e0 nos cr\u00e9ations une touche artisanale et une attention particuli\u00e8re \u00e0 chaque d\u00e9tail.<\/p>\n<p>Nous puisons notre inspiration dans les saveurs gourmandes et les ar\u00f4mes d\u00e9licats, une gamme de bougies qui \u00e9veillent les sens et apportent une atmosph\u00e8re<br \/>\nchaleureuse \u00e0 chaque int\u00e9rieur.<\/p>\n<p>Que ce soit pour une soir\u00e9e romantique, un moment de d\u00e9tente ou simplement pour cr\u00e9er une ambiance accueillante, nos bougies gourmandes parfum\u00e9es sauront satisfaire les amateurs de belles senteurs.<\/p>\n<p>Nous sommes fiers de partager notre passion pour la parfumerie et l&rsquo;artisanat \u00e0 travers nos cr\u00e9ations, et nous esp\u00e9rons que nos bougies apporteront autant de plaisir \u00e0 ceux qui les utilisent qu&rsquo;\u00e0 nous qui les fabriquons.<\/p>\n<\/div><\/div><\/div><\/div><\/div><div class=\"fusion-fullwidth fullwidth-box fusion-builder-row-2 fusion-flex-container nonhundred-percent-fullwidth non-hundred-percent-height-scrolling\" style=\"--awb-border-radius-top-left:0px;--awb-border-radius-top-right:0px;--awb-border-radius-bottom-right:0px;--awb-border-radius-bottom-left:0px;--awb-margin-bottom:90px;--awb-flex-wrap:wrap;\" ><div class=\"fusion-builder-row fusion-row fusion-flex-align-items-center fusion-flex-content-wrap\" style=\"max-width:calc( 1370px + 100px );margin-left: calc(-100px \/ 2 );margin-right: calc(-100px \/ 2 );\"><div class=\"fusion-layout-column fusion_builder_column fusion-builder-column-2 fusion_builder_column_1_2 1_2 fusion-flex-column\" style=\"--awb-padding-left-medium:40px;--awb-padding-right-small:0px;--awb-padding-left-small:0px;--awb-bg-size:cover;--awb-width-large:50%;--awb-margin-top-large:0px;--awb-spacing-right-large:50px;--awb-margin-bottom-large:0px;--awb-spacing-left-large:50px;--awb-width-medium:50%;--awb-order-medium:0;--awb-spacing-right-medium:50px;--awb-spacing-left-medium:50px;--awb-width-small:100%;--awb-order-small:0;--awb-spacing-right-small:50px;--awb-margin-bottom-small:50px;--awb-spacing-left-small:50px;\"><div class=\"fusion-column-wrapper fusion-column-has-shadow fusion-flex-justify-content-flex-start fusion-content-layout-column\"><div class=\"fusion-image-element \" style=\"--awb-caption-title-font-family:var(--h2_typography-font-family);--awb-caption-title-font-weight:var(--h2_typography-font-weight);--awb-caption-title-font-style:var(--h2_typography-font-style);--awb-caption-title-size:var(--h2_typography-font-size);--awb-caption-title-transform:var(--h2_typography-text-transform);--awb-caption-title-line-height:var(--h2_typography-line-height);--awb-caption-title-letter-spacing:var(--h2_typography-letter-spacing);\"><span class=\" fusion-imageframe imageframe-none imageframe-2 hover-type-none\" style=\"border-radius:6px;\"><img decoding=\"async\" width=\"1440\" height=\"1537\" title=\"image_123650291(2)\" src=\"https:\/\/i0.wp.com\/candlenco.fr\/wp-content\/uploads\/2024\/01\/image_1236502912.jpg?fit=1440%2C1537&ssl=1\" data-orig-src=\"https:\/\/candlenco.fr\/wp-content\/uploads\/2024\/01\/image_1236502912.jpg\" alt class=\"lazyload img-responsive wp-image-2796\" srcset=\"data:image\/svg+xml,%3Csvg%20xmlns%3D%27http%3A%2F%2Fwww.w3.org%2F2000%2Fsvg%27%20width%3D%271440%27%20height%3D%271537%27%20viewBox%3D%270%200%201440%201537%27%3E%3Crect%20width%3D%271440%27%20height%3D%271537%27%20fill-opacity%3D%220%22%2F%3E%3C%2Fsvg%3E\" data-srcset=\"https:\/\/i0.wp.com\/candlenco.fr\/wp-content\/uploads\/2024\/01\/image_1236502912.jpg?resize=200%2C213&amp;ssl=1 200w, https:\/\/i0.wp.com\/candlenco.fr\/wp-content\/uploads\/2024\/01\/image_1236502912.jpg?resize=281%2C300&amp;ssl=1 281w, https:\/\/i0.wp.com\/candlenco.fr\/wp-content\/uploads\/2024\/01\/image_1236502912.jpg?resize=400%2C427&amp;ssl=1 400w, https:\/\/i0.wp.com\/candlenco.fr\/wp-content\/uploads\/2024\/01\/image_1236502912.jpg?resize=500%2C534&amp;ssl=1 500w, https:\/\/i0.wp.com\/candlenco.fr\/wp-content\/uploads\/2024\/01\/image_1236502912.jpg?resize=600%2C640&amp;ssl=1 600w, https:\/\/i0.wp.com\/candlenco.fr\/wp-content\/uploads\/2024\/01\/image_1236502912.jpg?resize=700%2C747&amp;ssl=1 700w, https:\/\/i0.wp.com\/candlenco.fr\/wp-content\/uploads\/2024\/01\/image_1236502912.jpg?resize=768%2C820&amp;ssl=1 768w, https:\/\/i0.wp.com\/candlenco.fr\/wp-content\/uploads\/2024\/01\/image_1236502912.jpg?resize=800%2C854&amp;ssl=1 800w, https:\/\/i0.wp.com\/candlenco.fr\/wp-content\/uploads\/2024\/01\/image_1236502912.jpg?resize=959%2C1024&amp;ssl=1 959w, https:\/\/i0.wp.com\/candlenco.fr\/wp-content\/uploads\/2024\/01\/image_1236502912.jpg?resize=1200%2C1281&amp;ssl=1 1200w, https:\/\/i0.wp.com\/candlenco.fr\/wp-content\/uploads\/2024\/01\/image_1236502912.jpg?resize=1320%2C1409&amp;ssl=1 1320w, https:\/\/i0.wp.com\/candlenco.fr\/wp-content\/uploads\/2024\/01\/image_1236502912.jpg?w=1440&amp;ssl=1 1440w\" data-sizes=\"auto\" data-orig-sizes=\"(max-width: 680px) 100vw, 800px\" \/><\/span><\/div><\/div><\/div><div class=\"fusion-layout-column fusion_builder_column fusion-builder-column-3 fusion_builder_column_1_2 1_2 fusion-flex-column\" style=\"--awb-padding-left-medium:40px;--awb-padding-right-small:0px;--awb-padding-left-small:0px;--awb-bg-size:cover;--awb-width-large:50%;--awb-margin-top-large:0px;--awb-spacing-right-large:50px;--awb-margin-bottom-large:0px;--awb-spacing-left-large:50px;--awb-width-medium:50%;--awb-order-medium:0;--awb-spacing-right-medium:50px;--awb-spacing-left-medium:50px;--awb-width-small:100%;--awb-order-small:0;--awb-spacing-right-small:50px;--awb-margin-bottom-small:50px;--awb-spacing-left-small:50px;\"><div class=\"fusion-column-wrapper fusion-column-has-shadow fusion-flex-justify-content-flex-start fusion-content-layout-column\"><div class=\"fusion-image-element \" style=\"--awb-caption-title-font-family:var(--h2_typography-font-family);--awb-caption-title-font-weight:var(--h2_typography-font-weight);--awb-caption-title-font-style:var(--h2_typography-font-style);--awb-caption-title-size:var(--h2_typography-font-size);--awb-caption-title-transform:var(--h2_typography-text-transform);--awb-caption-title-line-height:var(--h2_typography-line-height);--awb-caption-title-letter-spacing:var(--h2_typography-letter-spacing);\"><span class=\" fusion-imageframe imageframe-none imageframe-3 hover-type-none\" style=\"border-radius:6px;\"><img decoding=\"async\" width=\"1414\" height=\"2000\" title=\"1\" src=\"https:\/\/i0.wp.com\/candlenco.fr\/wp-content\/uploads\/2024\/01\/1.png?fit=1414%2C2000&ssl=1\" data-orig-src=\"https:\/\/candlenco.fr\/wp-content\/uploads\/2024\/01\/1.png\" alt class=\"lazyload img-responsive wp-image-2797\" srcset=\"data:image\/svg+xml,%3Csvg%20xmlns%3D%27http%3A%2F%2Fwww.w3.org%2F2000%2Fsvg%27%20width%3D%271414%27%20height%3D%272000%27%20viewBox%3D%270%200%201414%202000%27%3E%3Crect%20width%3D%271414%27%20height%3D%272000%27%20fill-opacity%3D%220%22%2F%3E%3C%2Fsvg%3E\" data-srcset=\"https:\/\/i0.wp.com\/candlenco.fr\/wp-content\/uploads\/2024\/01\/1.png?resize=200%2C283&amp;ssl=1 200w, https:\/\/i0.wp.com\/candlenco.fr\/wp-content\/uploads\/2024\/01\/1.png?resize=212%2C300&amp;ssl=1 212w, https:\/\/i0.wp.com\/candlenco.fr\/wp-content\/uploads\/2024\/01\/1.png?resize=400%2C566&amp;ssl=1 400w, https:\/\/i0.wp.com\/candlenco.fr\/wp-content\/uploads\/2024\/01\/1.png?resize=500%2C707&amp;ssl=1 500w, https:\/\/i0.wp.com\/candlenco.fr\/wp-content\/uploads\/2024\/01\/1.png?resize=600%2C849&amp;ssl=1 600w, https:\/\/i0.wp.com\/candlenco.fr\/wp-content\/uploads\/2024\/01\/1.png?resize=700%2C990&amp;ssl=1 700w, https:\/\/i0.wp.com\/candlenco.fr\/wp-content\/uploads\/2024\/01\/1.png?resize=724%2C1024&amp;ssl=1 724w, https:\/\/i0.wp.com\/candlenco.fr\/wp-content\/uploads\/2024\/01\/1.png?resize=768%2C1086&amp;ssl=1 768w, https:\/\/i0.wp.com\/candlenco.fr\/wp-content\/uploads\/2024\/01\/1.png?resize=800%2C1132&amp;ssl=1 800w, https:\/\/i0.wp.com\/candlenco.fr\/wp-content\/uploads\/2024\/01\/1.png?resize=1086%2C1536&amp;ssl=1 1086w, https:\/\/i0.wp.com\/candlenco.fr\/wp-content\/uploads\/2024\/01\/1.png?resize=1200%2C1697&amp;ssl=1 1200w, https:\/\/i0.wp.com\/candlenco.fr\/wp-content\/uploads\/2024\/01\/1.png?resize=1320%2C1867&amp;ssl=1 1320w, https:\/\/i0.wp.com\/candlenco.fr\/wp-content\/uploads\/2024\/01\/1.png?w=1414&amp;ssl=1 1414w\" data-sizes=\"auto\" data-orig-sizes=\"(max-width: 680px) 100vw, 800px\" \/><\/span><\/div><\/div><\/div><div class=\"fusion-layout-column fusion_builder_column fusion-builder-column-4 fusion_builder_column_1_1 1_1 fusion-flex-column\" style=\"--awb-bg-size:cover;--awb-width-large:100%;--awb-margin-top-large:0px;--awb-spacing-right-large:50px;--awb-margin-bottom-large:20px;--awb-spacing-left-large:50px;--awb-width-medium:100%;--awb-order-medium:0;--awb-spacing-right-medium:50px;--awb-spacing-left-medium:50px;--awb-width-small:100%;--awb-order-small:0;--awb-spacing-right-small:50px;--awb-spacing-left-small:50px;\"><div class=\"fusion-column-wrapper fusion-column-has-shadow fusion-flex-justify-content-flex-start fusion-content-layout-column\"><div class=\"fusion-image-element \" style=\"text-align:center;--awb-max-width:300px;--awb-caption-title-font-family:var(--h2_typography-font-family);--awb-caption-title-font-weight:var(--h2_typography-font-weight);--awb-caption-title-font-style:var(--h2_typography-font-style);--awb-caption-title-size:var(--h2_typography-font-size);--awb-caption-title-transform:var(--h2_typography-text-transform);--awb-caption-title-line-height:var(--h2_typography-line-height);--awb-caption-title-letter-spacing:var(--h2_typography-letter-spacing);\"><span class=\" fusion-imageframe imageframe-none imageframe-4 hover-type-none\"><img decoding=\"async\" width=\"1414\" height=\"2000\" title=\"2\" src=\"https:\/\/i0.wp.com\/candlenco.fr\/wp-content\/uploads\/2024\/01\/2.png?fit=1414%2C2000&ssl=1\" data-orig-src=\"https:\/\/candlenco.fr\/wp-content\/uploads\/2024\/01\/2.png\" alt class=\"lazyload img-responsive wp-image-2798\" srcset=\"data:image\/svg+xml,%3Csvg%20xmlns%3D%27http%3A%2F%2Fwww.w3.org%2F2000%2Fsvg%27%20width%3D%271414%27%20height%3D%272000%27%20viewBox%3D%270%200%201414%202000%27%3E%3Crect%20width%3D%271414%27%20height%3D%272000%27%20fill-opacity%3D%220%22%2F%3E%3C%2Fsvg%3E\" data-srcset=\"https:\/\/i0.wp.com\/candlenco.fr\/wp-content\/uploads\/2024\/01\/2.png?resize=200%2C283&amp;ssl=1 200w, https:\/\/i0.wp.com\/candlenco.fr\/wp-content\/uploads\/2024\/01\/2.png?resize=212%2C300&amp;ssl=1 212w, https:\/\/i0.wp.com\/candlenco.fr\/wp-content\/uploads\/2024\/01\/2.png?resize=400%2C566&amp;ssl=1 400w, https:\/\/i0.wp.com\/candlenco.fr\/wp-content\/uploads\/2024\/01\/2.png?resize=500%2C707&amp;ssl=1 500w, https:\/\/i0.wp.com\/candlenco.fr\/wp-content\/uploads\/2024\/01\/2.png?resize=600%2C849&amp;ssl=1 600w, https:\/\/i0.wp.com\/candlenco.fr\/wp-content\/uploads\/2024\/01\/2.png?resize=700%2C990&amp;ssl=1 700w, https:\/\/i0.wp.com\/candlenco.fr\/wp-content\/uploads\/2024\/01\/2.png?resize=724%2C1024&amp;ssl=1 724w, https:\/\/i0.wp.com\/candlenco.fr\/wp-content\/uploads\/2024\/01\/2.png?resize=768%2C1086&amp;ssl=1 768w, https:\/\/i0.wp.com\/candlenco.fr\/wp-content\/uploads\/2024\/01\/2.png?resize=800%2C1132&amp;ssl=1 800w, https:\/\/i0.wp.com\/candlenco.fr\/wp-content\/uploads\/2024\/01\/2.png?resize=1086%2C1536&amp;ssl=1 1086w, https:\/\/i0.wp.com\/candlenco.fr\/wp-content\/uploads\/2024\/01\/2.png?resize=1200%2C1697&amp;ssl=1 1200w, https:\/\/i0.wp.com\/candlenco.fr\/wp-content\/uploads\/2024\/01\/2.png?resize=1320%2C1867&amp;ssl=1 1320w, https:\/\/i0.wp.com\/candlenco.fr\/wp-content\/uploads\/2024\/01\/2.png?w=1414&amp;ssl=1 1414w\" data-sizes=\"auto\" data-orig-sizes=\"(max-width: 680px) 100vw, 1414px\" \/><\/span><\/div><\/div><\/div><\/div><\/div><div class=\"fusion-fullwidth fullwidth-box fusion-builder-row-3 fusion-flex-container nonhundred-percent-fullwidth non-hundred-percent-height-scrolling\" style=\"--link_color: var(--awb-color8);--awb-border-radius-top-left:0px;--awb-border-radius-top-right:0px;--awb-border-radius-bottom-right:0px;--awb-border-radius-bottom-left:0px;--awb-margin-bottom:70px;--awb-margin-bottom-medium:30px;--awb-flex-wrap:wrap;\" ><div class=\"fusion-builder-row fusion-row fusion-flex-align-items-flex-start fusion-flex-content-wrap\" style=\"max-width:1424.8px;margin-left: calc(-4% \/ 2 );margin-right: calc(-4% \/ 2 );\"><\/div><\/div><\/p>\n","protected":false},"excerpt":{"rendered":"","protected":false},"author":1,"featured_media":0,"parent":0,"menu_order":0,"comment_status":"closed","ping_status":"closed","template":"100-width.php","meta":{"footnotes":""},"class_list":["post-17","page","type-page","status-publish","hentry"],"yoast_head":"<!-- This site is optimized with the Yoast SEO plugin v26.3 - https:\/\/yoast.com\/wordpress\/plugins\/seo\/ -->\n<title>\u00c0 propos de nous - Candle &amp; Co<\/title>\n<meta name=\"robots\" content=\"index, follow, max-snippet:-1, max-image-preview:large, max-video-preview:-1\" \/>\n<link rel=\"canonical\" href=\"https:\/\/candlenco.fr\/index.php\/a-propos\/\" \/>\n<meta property=\"og:locale\" content=\"fr_FR\" \/>\n<meta property=\"og:type\" content=\"article\" \/>\n<meta property=\"og:title\" content=\"\u00c0 propos de nous - Candle &amp; Co\" \/>\n<meta property=\"og:url\" content=\"https:\/\/candlenco.fr\/index.php\/a-propos\/\" \/>\n<meta property=\"og:site_name\" content=\"Candle &amp; Co\" \/>\n<meta property=\"article:publisher\" content=\"https:\/\/www.facebook.com\/ribesjulie\" \/>\n<meta property=\"article:modified_time\" content=\"2024-01-17T11:02:37+00:00\" \/>\n<meta name=\"twitter:card\" content=\"summary_large_image\" \/>\n<meta name=\"twitter:label1\" content=\"Dur\u00e9e de lecture estim\u00e9e\" \/>\n\t<meta name=\"twitter:data1\" content=\"17 minutes\" \/>\n<script type=\"application\/ld+json\" class=\"yoast-schema-graph\">{\"@context\":\"https:\/\/schema.org\",\"@graph\":[{\"@type\":\"WebPage\",\"@id\":\"https:\/\/candlenco.fr\/index.php\/a-propos\/\",\"url\":\"https:\/\/candlenco.fr\/index.php\/a-propos\/\",\"name\":\"\u00c0 propos de nous - Candle &amp; Co\",\"isPartOf\":{\"@id\":\"https:\/\/candlenco.fr\/#website\"},\"datePublished\":\"2020-11-25T15:10:33+00:00\",\"dateModified\":\"2024-01-17T11:02:37+00:00\",\"breadcrumb\":{\"@id\":\"https:\/\/candlenco.fr\/index.php\/a-propos\/#breadcrumb\"},\"inLanguage\":\"fr-FR\",\"potentialAction\":[{\"@type\":\"ReadAction\",\"target\":[\"https:\/\/candlenco.fr\/index.php\/a-propos\/\"]}]},{\"@type\":\"BreadcrumbList\",\"@id\":\"https:\/\/candlenco.fr\/index.php\/a-propos\/#breadcrumb\",\"itemListElement\":[{\"@type\":\"ListItem\",\"position\":1,\"name\":\"Accueil\",\"item\":\"https:\/\/candlenco.fr\/\"},{\"@type\":\"ListItem\",\"position\":2,\"name\":\"\u00c0 propos de nous\"}]},{\"@type\":\"WebSite\",\"@id\":\"https:\/\/candlenco.fr\/#website\",\"url\":\"https:\/\/candlenco.fr\/\",\"name\":\"Candle & Co\",\"description\":\"\",\"publisher\":{\"@id\":\"https:\/\/candlenco.fr\/#organization\"},\"potentialAction\":[{\"@type\":\"SearchAction\",\"target\":{\"@type\":\"EntryPoint\",\"urlTemplate\":\"https:\/\/candlenco.fr\/?s={search_term_string}\"},\"query-input\":{\"@type\":\"PropertyValueSpecification\",\"valueRequired\":true,\"valueName\":\"search_term_string\"}}],\"inLanguage\":\"fr-FR\"},{\"@type\":\"Organization\",\"@id\":\"https:\/\/candlenco.fr\/#organization\",\"name\":\"Candle & Co\",\"url\":\"https:\/\/candlenco.fr\/\",\"logo\":{\"@type\":\"ImageObject\",\"inLanguage\":\"fr-FR\",\"@id\":\"https:\/\/candlenco.fr\/#\/schema\/logo\/image\/\",\"url\":\"https:\/\/i0.wp.com\/candlenco.fr\/wp-content\/uploads\/2023\/11\/Logo.png?fit=250%2C250&ssl=1\",\"contentUrl\":\"https:\/\/i0.wp.com\/candlenco.fr\/wp-content\/uploads\/2023\/11\/Logo.png?fit=250%2C250&ssl=1\",\"width\":250,\"height\":250,\"caption\":\"Candle & Co\"},\"image\":{\"@id\":\"https:\/\/candlenco.fr\/#\/schema\/logo\/image\/\"},\"sameAs\":[\"https:\/\/www.facebook.com\/ribesjulie\",\"https:\/\/www.instagram.com\/candlenco23\"]}]}<\/script>\n<!-- \/ Yoast SEO plugin. -->","yoast_head_json":{"title":"\u00c0 propos de nous - Candle &amp; Co","robots":{"index":"index","follow":"follow","max-snippet":"max-snippet:-1","max-image-preview":"max-image-preview:large","max-video-preview":"max-video-preview:-1"},"canonical":"https:\/\/candlenco.fr\/index.php\/a-propos\/","og_locale":"fr_FR","og_type":"article","og_title":"\u00c0 propos de nous - Candle &amp; Co","og_url":"https:\/\/candlenco.fr\/index.php\/a-propos\/","og_site_name":"Candle &amp; Co","article_publisher":"https:\/\/www.facebook.com\/ribesjulie","article_modified_time":"2024-01-17T11:02:37+00:00","twitter_card":"summary_large_image","twitter_misc":{"Dur\u00e9e de lecture estim\u00e9e":"17 minutes"},"schema":{"@context":"https:\/\/schema.org","@graph":[{"@type":"WebPage","@id":"https:\/\/candlenco.fr\/index.php\/a-propos\/","url":"https:\/\/candlenco.fr\/index.php\/a-propos\/","name":"\u00c0 propos de nous - Candle &amp; Co","isPartOf":{"@id":"https:\/\/candlenco.fr\/#website"},"datePublished":"2020-11-25T15:10:33+00:00","dateModified":"2024-01-17T11:02:37+00:00","breadcrumb":{"@id":"https:\/\/candlenco.fr\/index.php\/a-propos\/#breadcrumb"},"inLanguage":"fr-FR","potentialAction":[{"@type":"ReadAction","target":["https:\/\/candlenco.fr\/index.php\/a-propos\/"]}]},{"@type":"BreadcrumbList","@id":"https:\/\/candlenco.fr\/index.php\/a-propos\/#breadcrumb","itemListElement":[{"@type":"ListItem","position":1,"name":"Accueil","item":"https:\/\/candlenco.fr\/"},{"@type":"ListItem","position":2,"name":"\u00c0 propos de nous"}]},{"@type":"WebSite","@id":"https:\/\/candlenco.fr\/#website","url":"https:\/\/candlenco.fr\/","name":"Candle & Co","description":"","publisher":{"@id":"https:\/\/candlenco.fr\/#organization"},"potentialAction":[{"@type":"SearchAction","target":{"@type":"EntryPoint","urlTemplate":"https:\/\/candlenco.fr\/?s={search_term_string}"},"query-input":{"@type":"PropertyValueSpecification","valueRequired":true,"valueName":"search_term_string"}}],"inLanguage":"fr-FR"},{"@type":"Organization","@id":"https:\/\/candlenco.fr\/#organization","name":"Candle & Co","url":"https:\/\/candlenco.fr\/","logo":{"@type":"ImageObject","inLanguage":"fr-FR","@id":"https:\/\/candlenco.fr\/#\/schema\/logo\/image\/","url":"https:\/\/i0.wp.com\/candlenco.fr\/wp-content\/uploads\/2023\/11\/Logo.png?fit=250%2C250&ssl=1","contentUrl":"https:\/\/i0.wp.com\/candlenco.fr\/wp-content\/uploads\/2023\/11\/Logo.png?fit=250%2C250&ssl=1","width":250,"height":250,"caption":"Candle & Co"},"image":{"@id":"https:\/\/candlenco.fr\/#\/schema\/logo\/image\/"},"sameAs":["https:\/\/www.facebook.com\/ribesjulie","https:\/\/www.instagram.com\/candlenco23"]}]}},"jetpack_sharing_enabled":true,"_links":{"self":[{"href":"https:\/\/candlenco.fr\/index.php\/wp-json\/wp\/v2\/pages\/17","targetHints":{"allow":["GET"]}}],"collection":[{"href":"https:\/\/candlenco.fr\/index.php\/wp-json\/wp\/v2\/pages"}],"about":[{"href":"https:\/\/candlenco.fr\/index.php\/wp-json\/wp\/v2\/types\/page"}],"author":[{"embeddable":true,"href":"https:\/\/candlenco.fr\/index.php\/wp-json\/wp\/v2\/users\/1"}],"replies":[{"embeddable":true,"href":"https:\/\/candlenco.fr\/index.php\/wp-json\/wp\/v2\/comments?post=17"}],"version-history":[{"count":4,"href":"https:\/\/candlenco.fr\/index.php\/wp-json\/wp\/v2\/pages\/17\/revisions"}],"predecessor-version":[{"id":2799,"href":"https:\/\/candlenco.fr\/index.php\/wp-json\/wp\/v2\/pages\/17\/revisions\/2799"}],"wp:attachment":[{"href":"https:\/\/candlenco.fr\/index.php\/wp-json\/wp\/v2\/media?parent=17"}],"curies":[{"name":"wp","href":"https:\/\/api.w.org\/{rel}","templated":true}]}}