{"id":2853,"date":"2024-01-17T21:37:51","date_gmt":"2024-01-17T20:37:51","guid":{"rendered":"https:\/\/candlenco.fr\/?post_type=product&#038;p=2853"},"modified":"2024-01-18T12:17:38","modified_gmt":"2024-01-18T11:17:38","slug":"bougie-citron-meringuee","status":"publish","type":"product","link":"https:\/\/candlenco.fr\/index.php\/produit\/bougie-citron-meringuee\/","title":{"rendered":"Bougie Citron Meringu\u00e9e"},"content":{"rendered":"<p>Plongez dans un tourbillon de fra\u00eecheur avec notre Bougie Citron Meringu\u00e9e. Chaque allumage r\u00e9v\u00e8le un bouquet p\u00e9tillant de citron, \u00e9voquant la vivacit\u00e9 des agrumes et apportant une touche de vitalit\u00e9 \u00e0 votre espace.<\/p>\n<p>Laissez-vous envo\u00fbter par la douceur onctueuse de la meringue, qui \u00e9quilibre harmonieusement la vivacit\u00e9 du citron. Chaque note sucr\u00e9e cr\u00e9e une symphonie olfactive \u00e9voquant le bonheur d&rsquo;une p\u00e2tisserie fra\u00eechement pr\u00e9par\u00e9e.<\/p>\n<p>Sans CMR<\/p>\n<p>Sans Phtalate<\/p>\n<p>Cruelty Free<\/p>\n<p>Vegan Friendly<\/p>\n<p>100% Cire de soja<br \/>\nParfums de grasse<\/p>\n<p>Chaque fragrance r\u00e9pond aux normes europ\u00e9ennes: IFRA, CLP CE N\u00b01907\/2006.<\/p>\n<p>Toutes les \u00e9tiquettes clp seront \u00e0 l\u2019arri\u00e8re du contenant ou sur les boites quand vous recevrez votre bougie apr\u00e8s son achat.<\/p>\n","protected":false},"excerpt":{"rendered":"<p>C\u00e9l\u00e9brez les plaisirs sucr\u00e9s de la vie avec notre Bougie Citron Meringu\u00e9e, une fusion parfaite de fra\u00eecheur citronn\u00e9e et de douceur meringu\u00e9e dans une formule respectueuse de la nature.<\/p>\n<table class=\"table table-data-sheet\">\n<tbody>\n<tr class=\"odd\">\n<td>Notes<\/td>\n<td>Bois\u00e9e \/ Epic\u00e9e \/ Hesp\u00e9rid\u00e9e \/ Musqu\u00e9e<\/td>\n<\/tr>\n<tr class=\"even\">\n<td>T\u00eate<\/td>\n<td>zeste de citron\/accord acidul\u00e9\/jus de c\u00e9drat<\/td>\n<\/tr>\n<tr class=\"odd\">\n<td>Coeur<\/td>\n<td>amande\/accord gourmand\/meringue<\/td>\n<\/tr>\n<tr class=\"even\">\n<td>Fond<\/td>\n<td>vanille\/biscuit\/sucre glace<\/td>\n<\/tr>\n<\/tbody>\n<\/table>\n","protected":false},"featured_media":2861,"comment_status":"open","ping_status":"closed","template":"","meta":[],"product_brand":[],"product_cat":[178,149,172],"product_tag":[],"class_list":{"0":"post-2853","1":"product","2":"type-product","3":"status-publish","4":"has-post-thumbnail","6":"product_cat-collection-permanente","7":"product_cat-bougies","8":"product_cat-bougies-gourmandes","10":"first","11":"instock","12":"shipping-taxable","13":"purchasable","14":"product-type-variable"},"yoast_head":"<!-- This site is optimized with the Yoast SEO plugin v26.3 - https:\/\/yoast.com\/wordpress\/plugins\/seo\/ -->\n<title>Bougie Citron Meringu\u00e9e - Candle &amp; Co<\/title>\n<meta name=\"robots\" content=\"index, follow, max-snippet:-1, max-image-preview:large, max-video-preview:-1\" \/>\n<link rel=\"canonical\" href=\"https:\/\/candlenco.fr\/index.php\/produit\/bougie-citron-meringuee\/\" \/>\n<meta property=\"og:locale\" content=\"fr_FR\" \/>\n<meta property=\"og:type\" content=\"article\" \/>\n<meta property=\"og:title\" content=\"Bougie Citron Meringu\u00e9e - Candle &amp; Co\" \/>\n<meta property=\"og:description\" content=\"C\u00e9l\u00e9brez les plaisirs sucr\u00e9s de la vie avec notre Bougie Citron Meringu\u00e9e, une fusion parfaite de fra\u00eecheur citronn\u00e9e et de douceur meringu\u00e9e dans une formule respectueuse de la nature.    Notes Bois\u00e9e \/ Epic\u00e9e \/ Hesp\u00e9rid\u00e9e \/ Musqu\u00e9e   T\u00eate zeste de citron\/accord acidul\u00e9\/jus de c\u00e9drat   Coeur amande\/accord gourmand\/meringue   Fond vanille\/biscuit\/sucre glace\" \/>\n<meta property=\"og:url\" content=\"https:\/\/candlenco.fr\/index.php\/produit\/bougie-citron-meringuee\/\" \/>\n<meta property=\"og:site_name\" content=\"Candle &amp; Co\" \/>\n<meta property=\"article:publisher\" content=\"https:\/\/www.facebook.com\/ribesjulie\" \/>\n<meta property=\"article:modified_time\" content=\"2024-01-18T11:17:38+00:00\" \/>\n<meta property=\"og:image\" content=\"https:\/\/i0.wp.com\/candlenco.fr\/wp-content\/uploads\/2024\/01\/C1FDAD4B-CB28-47DD-B909-642782D9828F.jpg?fit=1440%2C1539&ssl=1\" \/>\n\t<meta property=\"og:image:width\" content=\"1440\" \/>\n\t<meta property=\"og:image:height\" content=\"1539\" \/>\n\t<meta property=\"og:image:type\" content=\"image\/jpeg\" \/>\n<meta name=\"twitter:card\" content=\"summary_large_image\" \/>\n<meta name=\"twitter:label1\" content=\"Dur\u00e9e de lecture estim\u00e9e\" \/>\n\t<meta name=\"twitter:data1\" content=\"1 minute\" \/>\n<script type=\"application\/ld+json\" class=\"yoast-schema-graph\">{\"@context\":\"https:\/\/schema.org\",\"@graph\":[{\"@type\":\"WebPage\",\"@id\":\"https:\/\/candlenco.fr\/index.php\/produit\/bougie-citron-meringuee\/\",\"url\":\"https:\/\/candlenco.fr\/index.php\/produit\/bougie-citron-meringuee\/\",\"name\":\"Bougie Citron Meringu\u00e9e - Candle &amp; Co\",\"isPartOf\":{\"@id\":\"https:\/\/candlenco.fr\/#website\"},\"primaryImageOfPage\":{\"@id\":\"https:\/\/candlenco.fr\/index.php\/produit\/bougie-citron-meringuee\/#primaryimage\"},\"image\":{\"@id\":\"https:\/\/candlenco.fr\/index.php\/produit\/bougie-citron-meringuee\/#primaryimage\"},\"thumbnailUrl\":\"https:\/\/i0.wp.com\/candlenco.fr\/wp-content\/uploads\/2024\/01\/C1FDAD4B-CB28-47DD-B909-642782D9828F.jpg?fit=1440%2C1539&ssl=1\",\"datePublished\":\"2024-01-17T20:37:51+00:00\",\"dateModified\":\"2024-01-18T11:17:38+00:00\",\"breadcrumb\":{\"@id\":\"https:\/\/candlenco.fr\/index.php\/produit\/bougie-citron-meringuee\/#breadcrumb\"},\"inLanguage\":\"fr-FR\",\"potentialAction\":[{\"@type\":\"ReadAction\",\"target\":[\"https:\/\/candlenco.fr\/index.php\/produit\/bougie-citron-meringuee\/\"]}]},{\"@type\":\"ImageObject\",\"inLanguage\":\"fr-FR\",\"@id\":\"https:\/\/candlenco.fr\/index.php\/produit\/bougie-citron-meringuee\/#primaryimage\",\"url\":\"https:\/\/i0.wp.com\/candlenco.fr\/wp-content\/uploads\/2024\/01\/C1FDAD4B-CB28-47DD-B909-642782D9828F.jpg?fit=1440%2C1539&ssl=1\",\"contentUrl\":\"https:\/\/i0.wp.com\/candlenco.fr\/wp-content\/uploads\/2024\/01\/C1FDAD4B-CB28-47DD-B909-642782D9828F.jpg?fit=1440%2C1539&ssl=1\",\"width\":1440,\"height\":1539},{\"@type\":\"BreadcrumbList\",\"@id\":\"https:\/\/candlenco.fr\/index.php\/produit\/bougie-citron-meringuee\/#breadcrumb\",\"itemListElement\":[{\"@type\":\"ListItem\",\"position\":1,\"name\":\"Accueil\",\"item\":\"https:\/\/candlenco.fr\/\"},{\"@type\":\"ListItem\",\"position\":2,\"name\":\"Boutique\",\"item\":\"https:\/\/candlenco.fr\/index.php\/boutique\/\"},{\"@type\":\"ListItem\",\"position\":3,\"name\":\"Bougie Citron Meringu\u00e9e\"}]},{\"@type\":\"WebSite\",\"@id\":\"https:\/\/candlenco.fr\/#website\",\"url\":\"https:\/\/candlenco.fr\/\",\"name\":\"Candle & Co\",\"description\":\"\",\"publisher\":{\"@id\":\"https:\/\/candlenco.fr\/#organization\"},\"potentialAction\":[{\"@type\":\"SearchAction\",\"target\":{\"@type\":\"EntryPoint\",\"urlTemplate\":\"https:\/\/candlenco.fr\/?s={search_term_string}\"},\"query-input\":{\"@type\":\"PropertyValueSpecification\",\"valueRequired\":true,\"valueName\":\"search_term_string\"}}],\"inLanguage\":\"fr-FR\"},{\"@type\":\"Organization\",\"@id\":\"https:\/\/candlenco.fr\/#organization\",\"name\":\"Candle & Co\",\"url\":\"https:\/\/candlenco.fr\/\",\"logo\":{\"@type\":\"ImageObject\",\"inLanguage\":\"fr-FR\",\"@id\":\"https:\/\/candlenco.fr\/#\/schema\/logo\/image\/\",\"url\":\"https:\/\/i0.wp.com\/candlenco.fr\/wp-content\/uploads\/2023\/11\/Logo.png?fit=250%2C250&ssl=1\",\"contentUrl\":\"https:\/\/i0.wp.com\/candlenco.fr\/wp-content\/uploads\/2023\/11\/Logo.png?fit=250%2C250&ssl=1\",\"width\":250,\"height\":250,\"caption\":\"Candle & Co\"},\"image\":{\"@id\":\"https:\/\/candlenco.fr\/#\/schema\/logo\/image\/\"},\"sameAs\":[\"https:\/\/www.facebook.com\/ribesjulie\",\"https:\/\/www.instagram.com\/candlenco23\"]}]}<\/script>\n<!-- \/ Yoast SEO plugin. -->","yoast_head_json":{"title":"Bougie Citron Meringu\u00e9e - Candle &amp; Co","robots":{"index":"index","follow":"follow","max-snippet":"max-snippet:-1","max-image-preview":"max-image-preview:large","max-video-preview":"max-video-preview:-1"},"canonical":"https:\/\/candlenco.fr\/index.php\/produit\/bougie-citron-meringuee\/","og_locale":"fr_FR","og_type":"article","og_title":"Bougie Citron Meringu\u00e9e - Candle &amp; Co","og_description":"C\u00e9l\u00e9brez les plaisirs sucr\u00e9s de la vie avec notre Bougie Citron Meringu\u00e9e, une fusion parfaite de fra\u00eecheur citronn\u00e9e et de douceur meringu\u00e9e dans une formule respectueuse de la nature.    Notes Bois\u00e9e \/ Epic\u00e9e \/ Hesp\u00e9rid\u00e9e \/ Musqu\u00e9e   T\u00eate zeste de citron\/accord acidul\u00e9\/jus de c\u00e9drat   Coeur amande\/accord gourmand\/meringue   Fond vanille\/biscuit\/sucre glace","og_url":"https:\/\/candlenco.fr\/index.php\/produit\/bougie-citron-meringuee\/","og_site_name":"Candle &amp; Co","article_publisher":"https:\/\/www.facebook.com\/ribesjulie","article_modified_time":"2024-01-18T11:17:38+00:00","og_image":[{"width":1440,"height":1539,"url":"https:\/\/i0.wp.com\/candlenco.fr\/wp-content\/uploads\/2024\/01\/C1FDAD4B-CB28-47DD-B909-642782D9828F.jpg?fit=1440%2C1539&ssl=1","type":"image\/jpeg"}],"twitter_card":"summary_large_image","twitter_misc":{"Dur\u00e9e de lecture estim\u00e9e":"1 minute"},"schema":{"@context":"https:\/\/schema.org","@graph":[{"@type":"WebPage","@id":"https:\/\/candlenco.fr\/index.php\/produit\/bougie-citron-meringuee\/","url":"https:\/\/candlenco.fr\/index.php\/produit\/bougie-citron-meringuee\/","name":"Bougie Citron Meringu\u00e9e - Candle &amp; Co","isPartOf":{"@id":"https:\/\/candlenco.fr\/#website"},"primaryImageOfPage":{"@id":"https:\/\/candlenco.fr\/index.php\/produit\/bougie-citron-meringuee\/#primaryimage"},"image":{"@id":"https:\/\/candlenco.fr\/index.php\/produit\/bougie-citron-meringuee\/#primaryimage"},"thumbnailUrl":"https:\/\/i0.wp.com\/candlenco.fr\/wp-content\/uploads\/2024\/01\/C1FDAD4B-CB28-47DD-B909-642782D9828F.jpg?fit=1440%2C1539&ssl=1","datePublished":"2024-01-17T20:37:51+00:00","dateModified":"2024-01-18T11:17:38+00:00","breadcrumb":{"@id":"https:\/\/candlenco.fr\/index.php\/produit\/bougie-citron-meringuee\/#breadcrumb"},"inLanguage":"fr-FR","potentialAction":[{"@type":"ReadAction","target":["https:\/\/candlenco.fr\/index.php\/produit\/bougie-citron-meringuee\/"]}]},{"@type":"ImageObject","inLanguage":"fr-FR","@id":"https:\/\/candlenco.fr\/index.php\/produit\/bougie-citron-meringuee\/#primaryimage","url":"https:\/\/i0.wp.com\/candlenco.fr\/wp-content\/uploads\/2024\/01\/C1FDAD4B-CB28-47DD-B909-642782D9828F.jpg?fit=1440%2C1539&ssl=1","contentUrl":"https:\/\/i0.wp.com\/candlenco.fr\/wp-content\/uploads\/2024\/01\/C1FDAD4B-CB28-47DD-B909-642782D9828F.jpg?fit=1440%2C1539&ssl=1","width":1440,"height":1539},{"@type":"BreadcrumbList","@id":"https:\/\/candlenco.fr\/index.php\/produit\/bougie-citron-meringuee\/#breadcrumb","itemListElement":[{"@type":"ListItem","position":1,"name":"Accueil","item":"https:\/\/candlenco.fr\/"},{"@type":"ListItem","position":2,"name":"Boutique","item":"https:\/\/candlenco.fr\/index.php\/boutique\/"},{"@type":"ListItem","position":3,"name":"Bougie Citron Meringu\u00e9e"}]},{"@type":"WebSite","@id":"https:\/\/candlenco.fr\/#website","url":"https:\/\/candlenco.fr\/","name":"Candle & Co","description":"","publisher":{"@id":"https:\/\/candlenco.fr\/#organization"},"potentialAction":[{"@type":"SearchAction","target":{"@type":"EntryPoint","urlTemplate":"https:\/\/candlenco.fr\/?s={search_term_string}"},"query-input":{"@type":"PropertyValueSpecification","valueRequired":true,"valueName":"search_term_string"}}],"inLanguage":"fr-FR"},{"@type":"Organization","@id":"https:\/\/candlenco.fr\/#organization","name":"Candle & Co","url":"https:\/\/candlenco.fr\/","logo":{"@type":"ImageObject","inLanguage":"fr-FR","@id":"https:\/\/candlenco.fr\/#\/schema\/logo\/image\/","url":"https:\/\/i0.wp.com\/candlenco.fr\/wp-content\/uploads\/2023\/11\/Logo.png?fit=250%2C250&ssl=1","contentUrl":"https:\/\/i0.wp.com\/candlenco.fr\/wp-content\/uploads\/2023\/11\/Logo.png?fit=250%2C250&ssl=1","width":250,"height":250,"caption":"Candle & Co"},"image":{"@id":"https:\/\/candlenco.fr\/#\/schema\/logo\/image\/"},"sameAs":["https:\/\/www.facebook.com\/ribesjulie","https:\/\/www.instagram.com\/candlenco23"]}]}},"jetpack_sharing_enabled":true,"_links":{"self":[{"href":"https:\/\/candlenco.fr\/index.php\/wp-json\/wp\/v2\/product\/2853","targetHints":{"allow":["GET"]}}],"collection":[{"href":"https:\/\/candlenco.fr\/index.php\/wp-json\/wp\/v2\/product"}],"about":[{"href":"https:\/\/candlenco.fr\/index.php\/wp-json\/wp\/v2\/types\/product"}],"replies":[{"embeddable":true,"href":"https:\/\/candlenco.fr\/index.php\/wp-json\/wp\/v2\/comments?post=2853"}],"wp:featuredmedia":[{"embeddable":true,"href":"https:\/\/candlenco.fr\/index.php\/wp-json\/wp\/v2\/media\/2861"}],"wp:attachment":[{"href":"https:\/\/candlenco.fr\/index.php\/wp-json\/wp\/v2\/media?parent=2853"}],"wp:term":[{"taxonomy":"product_brand","embeddable":true,"href":"https:\/\/candlenco.fr\/index.php\/wp-json\/wp\/v2\/product_brand?post=2853"},{"taxonomy":"product_cat","embeddable":true,"href":"https:\/\/candlenco.fr\/index.php\/wp-json\/wp\/v2\/product_cat?post=2853"},{"taxonomy":"product_tag","embeddable":true,"href":"https:\/\/candlenco.fr\/index.php\/wp-json\/wp\/v2\/product_tag?post=2853"}],"curies":[{"name":"wp","href":"https:\/\/api.w.org\/{rel}","templated":true}]}}