{"id":3428,"date":"2024-02-28T17:58:13","date_gmt":"2024-02-28T16:58:13","guid":{"rendered":"https:\/\/candlenco.fr\/?post_type=product&#038;p=3428"},"modified":"2024-02-28T17:58:14","modified_gmt":"2024-02-28T16:58:14","slug":"kit-entretient-de-ma-bougie","status":"publish","type":"product","link":"https:\/\/candlenco.fr\/index.php\/produit\/kit-entretient-de-ma-bougie\/","title":{"rendered":"Kit entretient de ma bougie"},"content":{"rendered":"","protected":false},"excerpt":{"rendered":"<div class=\"product__description rte quick-add-hidden\">\n<p>Cet ensemble d&rsquo;\u00e9teignoirs \u00e0 bougies est un kit d&rsquo;entretien en trois pi\u00e8ces utilis\u00e9 pour faire durer vos bougies longtemps<br \/>\nIl est livr\u00e9 avec des outils pour \u00e9teindre votre bougie, couper et amorcer la m\u00e8che et attraper la cire.<\/p>\n<p><strong>Infos et caract\u00e9ristiques :\u00a0<\/strong><\/p>\n<p>Couleur : Noir mat<br \/>\nEteignoir \u00e0 bougie : 17 cm<br \/>\nCoupe-bougie : 18 cm<br \/>\nLoupe\u00a0\u00e0 m\u00e8che\u00a0: 20\u00a0cm<\/p>\n<\/div>\n","protected":false},"featured_media":3429,"comment_status":"open","ping_status":"closed","template":"","meta":[],"product_brand":[],"product_cat":[178,149,173,172,179,203,204,207],"product_tag":[],"class_list":{"0":"post-3428","1":"product","2":"type-product","3":"status-publish","4":"has-post-thumbnail","6":"product_cat-collection-permanente","7":"product_cat-bougies","8":"product_cat-bougies-classiques","9":"product_cat-bougies-gourmandes","10":"product_cat-collection-saisonniere","11":"product_cat-bougies-2","12":"product_cat-bougies-classiques-bougies-2","13":"product_cat-autres-collection-saisonniere","15":"first","16":"instock","17":"shipping-taxable","18":"purchasable","19":"product-type-simple"},"yoast_head":"<!-- This site is optimized with the Yoast SEO plugin v26.3 - https:\/\/yoast.com\/wordpress\/plugins\/seo\/ -->\n<title>Kit entretient de ma bougie - Candle &amp; Co<\/title>\n<meta name=\"robots\" content=\"index, follow, max-snippet:-1, max-image-preview:large, max-video-preview:-1\" \/>\n<link rel=\"canonical\" href=\"https:\/\/candlenco.fr\/index.php\/produit\/kit-entretient-de-ma-bougie\/\" \/>\n<meta property=\"og:locale\" content=\"fr_FR\" \/>\n<meta property=\"og:type\" content=\"article\" \/>\n<meta property=\"og:title\" content=\"Kit entretient de ma bougie - Candle &amp; Co\" \/>\n<meta property=\"og:description\" content=\"Cet ensemble d&#039;\u00e9teignoirs \u00e0 bougies est un kit d&#039;entretien en trois pi\u00e8ces utilis\u00e9 pour faire durer vos bougies longtemps Il est livr\u00e9 avec des outils pour \u00e9teindre votre bougie, couper et amorcer la m\u00e8che et attraper la cire.  Infos et caract\u00e9ristiques :\u00a0  Couleur : Noir mat Eteignoir \u00e0 bougie : 17 cm Coupe-bougie : 18 cm Loupe\u00a0\u00e0 m\u00e8che\u00a0: 20\u00a0cm\" \/>\n<meta property=\"og:url\" content=\"https:\/\/candlenco.fr\/index.php\/produit\/kit-entretient-de-ma-bougie\/\" \/>\n<meta property=\"og:site_name\" content=\"Candle &amp; Co\" \/>\n<meta property=\"article:publisher\" content=\"https:\/\/www.facebook.com\/ribesjulie\" \/>\n<meta property=\"article:modified_time\" content=\"2024-02-28T16:58:14+00:00\" \/>\n<meta property=\"og:image\" content=\"https:\/\/candlenco.fr\/wp-content\/uploads\/2024\/02\/kit.jpg\" \/>\n\t<meta property=\"og:image:width\" content=\"828\" \/>\n\t<meta property=\"og:image:height\" content=\"1022\" \/>\n\t<meta property=\"og:image:type\" content=\"image\/jpeg\" \/>\n<meta name=\"twitter:card\" content=\"summary_large_image\" \/>\n<meta name=\"twitter:label1\" content=\"Dur\u00e9e de lecture estim\u00e9e\" \/>\n\t<meta name=\"twitter:data1\" content=\"1 minute\" \/>\n<script type=\"application\/ld+json\" class=\"yoast-schema-graph\">{\"@context\":\"https:\/\/schema.org\",\"@graph\":[{\"@type\":\"WebPage\",\"@id\":\"https:\/\/candlenco.fr\/index.php\/produit\/kit-entretient-de-ma-bougie\/\",\"url\":\"https:\/\/candlenco.fr\/index.php\/produit\/kit-entretient-de-ma-bougie\/\",\"name\":\"Kit entretient de ma bougie - Candle &amp; Co\",\"isPartOf\":{\"@id\":\"https:\/\/candlenco.fr\/#website\"},\"primaryImageOfPage\":{\"@id\":\"https:\/\/candlenco.fr\/index.php\/produit\/kit-entretient-de-ma-bougie\/#primaryimage\"},\"image\":{\"@id\":\"https:\/\/candlenco.fr\/index.php\/produit\/kit-entretient-de-ma-bougie\/#primaryimage\"},\"thumbnailUrl\":\"https:\/\/i0.wp.com\/candlenco.fr\/wp-content\/uploads\/2024\/02\/kit.jpg?fit=828%2C1022&ssl=1\",\"datePublished\":\"2024-02-28T16:58:13+00:00\",\"dateModified\":\"2024-02-28T16:58:14+00:00\",\"breadcrumb\":{\"@id\":\"https:\/\/candlenco.fr\/index.php\/produit\/kit-entretient-de-ma-bougie\/#breadcrumb\"},\"inLanguage\":\"fr-FR\",\"potentialAction\":[{\"@type\":\"ReadAction\",\"target\":[\"https:\/\/candlenco.fr\/index.php\/produit\/kit-entretient-de-ma-bougie\/\"]}]},{\"@type\":\"ImageObject\",\"inLanguage\":\"fr-FR\",\"@id\":\"https:\/\/candlenco.fr\/index.php\/produit\/kit-entretient-de-ma-bougie\/#primaryimage\",\"url\":\"https:\/\/i0.wp.com\/candlenco.fr\/wp-content\/uploads\/2024\/02\/kit.jpg?fit=828%2C1022&ssl=1\",\"contentUrl\":\"https:\/\/i0.wp.com\/candlenco.fr\/wp-content\/uploads\/2024\/02\/kit.jpg?fit=828%2C1022&ssl=1\",\"width\":828,\"height\":1022},{\"@type\":\"BreadcrumbList\",\"@id\":\"https:\/\/candlenco.fr\/index.php\/produit\/kit-entretient-de-ma-bougie\/#breadcrumb\",\"itemListElement\":[{\"@type\":\"ListItem\",\"position\":1,\"name\":\"Accueil\",\"item\":\"https:\/\/candlenco.fr\/\"},{\"@type\":\"ListItem\",\"position\":2,\"name\":\"Boutique\",\"item\":\"https:\/\/candlenco.fr\/index.php\/boutique\/\"},{\"@type\":\"ListItem\",\"position\":3,\"name\":\"Kit entretient de ma bougie\"}]},{\"@type\":\"WebSite\",\"@id\":\"https:\/\/candlenco.fr\/#website\",\"url\":\"https:\/\/candlenco.fr\/\",\"name\":\"Candle & Co\",\"description\":\"\",\"publisher\":{\"@id\":\"https:\/\/candlenco.fr\/#organization\"},\"potentialAction\":[{\"@type\":\"SearchAction\",\"target\":{\"@type\":\"EntryPoint\",\"urlTemplate\":\"https:\/\/candlenco.fr\/?s={search_term_string}\"},\"query-input\":{\"@type\":\"PropertyValueSpecification\",\"valueRequired\":true,\"valueName\":\"search_term_string\"}}],\"inLanguage\":\"fr-FR\"},{\"@type\":\"Organization\",\"@id\":\"https:\/\/candlenco.fr\/#organization\",\"name\":\"Candle & Co\",\"url\":\"https:\/\/candlenco.fr\/\",\"logo\":{\"@type\":\"ImageObject\",\"inLanguage\":\"fr-FR\",\"@id\":\"https:\/\/candlenco.fr\/#\/schema\/logo\/image\/\",\"url\":\"https:\/\/i0.wp.com\/candlenco.fr\/wp-content\/uploads\/2023\/11\/Logo.png?fit=250%2C250&ssl=1\",\"contentUrl\":\"https:\/\/i0.wp.com\/candlenco.fr\/wp-content\/uploads\/2023\/11\/Logo.png?fit=250%2C250&ssl=1\",\"width\":250,\"height\":250,\"caption\":\"Candle & Co\"},\"image\":{\"@id\":\"https:\/\/candlenco.fr\/#\/schema\/logo\/image\/\"},\"sameAs\":[\"https:\/\/www.facebook.com\/ribesjulie\",\"https:\/\/www.instagram.com\/candlenco23\"]}]}<\/script>\n<!-- \/ Yoast SEO plugin. -->","yoast_head_json":{"title":"Kit entretient de ma bougie - Candle &amp; Co","robots":{"index":"index","follow":"follow","max-snippet":"max-snippet:-1","max-image-preview":"max-image-preview:large","max-video-preview":"max-video-preview:-1"},"canonical":"https:\/\/candlenco.fr\/index.php\/produit\/kit-entretient-de-ma-bougie\/","og_locale":"fr_FR","og_type":"article","og_title":"Kit entretient de ma bougie - Candle &amp; Co","og_description":"Cet ensemble d'\u00e9teignoirs \u00e0 bougies est un kit d'entretien en trois pi\u00e8ces utilis\u00e9 pour faire durer vos bougies longtemps Il est livr\u00e9 avec des outils pour \u00e9teindre votre bougie, couper et amorcer la m\u00e8che et attraper la cire.  Infos et caract\u00e9ristiques :\u00a0  Couleur : Noir mat Eteignoir \u00e0 bougie : 17 cm Coupe-bougie : 18 cm Loupe\u00a0\u00e0 m\u00e8che\u00a0: 20\u00a0cm","og_url":"https:\/\/candlenco.fr\/index.php\/produit\/kit-entretient-de-ma-bougie\/","og_site_name":"Candle &amp; Co","article_publisher":"https:\/\/www.facebook.com\/ribesjulie","article_modified_time":"2024-02-28T16:58:14+00:00","og_image":[{"width":828,"height":1022,"url":"https:\/\/candlenco.fr\/wp-content\/uploads\/2024\/02\/kit.jpg","type":"image\/jpeg"}],"twitter_card":"summary_large_image","twitter_misc":{"Dur\u00e9e de lecture estim\u00e9e":"1 minute"},"schema":{"@context":"https:\/\/schema.org","@graph":[{"@type":"WebPage","@id":"https:\/\/candlenco.fr\/index.php\/produit\/kit-entretient-de-ma-bougie\/","url":"https:\/\/candlenco.fr\/index.php\/produit\/kit-entretient-de-ma-bougie\/","name":"Kit entretient de ma bougie - Candle &amp; Co","isPartOf":{"@id":"https:\/\/candlenco.fr\/#website"},"primaryImageOfPage":{"@id":"https:\/\/candlenco.fr\/index.php\/produit\/kit-entretient-de-ma-bougie\/#primaryimage"},"image":{"@id":"https:\/\/candlenco.fr\/index.php\/produit\/kit-entretient-de-ma-bougie\/#primaryimage"},"thumbnailUrl":"https:\/\/i0.wp.com\/candlenco.fr\/wp-content\/uploads\/2024\/02\/kit.jpg?fit=828%2C1022&ssl=1","datePublished":"2024-02-28T16:58:13+00:00","dateModified":"2024-02-28T16:58:14+00:00","breadcrumb":{"@id":"https:\/\/candlenco.fr\/index.php\/produit\/kit-entretient-de-ma-bougie\/#breadcrumb"},"inLanguage":"fr-FR","potentialAction":[{"@type":"ReadAction","target":["https:\/\/candlenco.fr\/index.php\/produit\/kit-entretient-de-ma-bougie\/"]}]},{"@type":"ImageObject","inLanguage":"fr-FR","@id":"https:\/\/candlenco.fr\/index.php\/produit\/kit-entretient-de-ma-bougie\/#primaryimage","url":"https:\/\/i0.wp.com\/candlenco.fr\/wp-content\/uploads\/2024\/02\/kit.jpg?fit=828%2C1022&ssl=1","contentUrl":"https:\/\/i0.wp.com\/candlenco.fr\/wp-content\/uploads\/2024\/02\/kit.jpg?fit=828%2C1022&ssl=1","width":828,"height":1022},{"@type":"BreadcrumbList","@id":"https:\/\/candlenco.fr\/index.php\/produit\/kit-entretient-de-ma-bougie\/#breadcrumb","itemListElement":[{"@type":"ListItem","position":1,"name":"Accueil","item":"https:\/\/candlenco.fr\/"},{"@type":"ListItem","position":2,"name":"Boutique","item":"https:\/\/candlenco.fr\/index.php\/boutique\/"},{"@type":"ListItem","position":3,"name":"Kit entretient de ma bougie"}]},{"@type":"WebSite","@id":"https:\/\/candlenco.fr\/#website","url":"https:\/\/candlenco.fr\/","name":"Candle & Co","description":"","publisher":{"@id":"https:\/\/candlenco.fr\/#organization"},"potentialAction":[{"@type":"SearchAction","target":{"@type":"EntryPoint","urlTemplate":"https:\/\/candlenco.fr\/?s={search_term_string}"},"query-input":{"@type":"PropertyValueSpecification","valueRequired":true,"valueName":"search_term_string"}}],"inLanguage":"fr-FR"},{"@type":"Organization","@id":"https:\/\/candlenco.fr\/#organization","name":"Candle & Co","url":"https:\/\/candlenco.fr\/","logo":{"@type":"ImageObject","inLanguage":"fr-FR","@id":"https:\/\/candlenco.fr\/#\/schema\/logo\/image\/","url":"https:\/\/i0.wp.com\/candlenco.fr\/wp-content\/uploads\/2023\/11\/Logo.png?fit=250%2C250&ssl=1","contentUrl":"https:\/\/i0.wp.com\/candlenco.fr\/wp-content\/uploads\/2023\/11\/Logo.png?fit=250%2C250&ssl=1","width":250,"height":250,"caption":"Candle & Co"},"image":{"@id":"https:\/\/candlenco.fr\/#\/schema\/logo\/image\/"},"sameAs":["https:\/\/www.facebook.com\/ribesjulie","https:\/\/www.instagram.com\/candlenco23"]}]}},"jetpack_sharing_enabled":true,"_links":{"self":[{"href":"https:\/\/candlenco.fr\/index.php\/wp-json\/wp\/v2\/product\/3428","targetHints":{"allow":["GET"]}}],"collection":[{"href":"https:\/\/candlenco.fr\/index.php\/wp-json\/wp\/v2\/product"}],"about":[{"href":"https:\/\/candlenco.fr\/index.php\/wp-json\/wp\/v2\/types\/product"}],"replies":[{"embeddable":true,"href":"https:\/\/candlenco.fr\/index.php\/wp-json\/wp\/v2\/comments?post=3428"}],"wp:featuredmedia":[{"embeddable":true,"href":"https:\/\/candlenco.fr\/index.php\/wp-json\/wp\/v2\/media\/3429"}],"wp:attachment":[{"href":"https:\/\/candlenco.fr\/index.php\/wp-json\/wp\/v2\/media?parent=3428"}],"wp:term":[{"taxonomy":"product_brand","embeddable":true,"href":"https:\/\/candlenco.fr\/index.php\/wp-json\/wp\/v2\/product_brand?post=3428"},{"taxonomy":"product_cat","embeddable":true,"href":"https:\/\/candlenco.fr\/index.php\/wp-json\/wp\/v2\/product_cat?post=3428"},{"taxonomy":"product_tag","embeddable":true,"href":"https:\/\/candlenco.fr\/index.php\/wp-json\/wp\/v2\/product_tag?post=3428"}],"curies":[{"name":"wp","href":"https:\/\/api.w.org\/{rel}","templated":true}]}}